
4
Suppose 1 = t + 57. Let r(i) = 5*i**2 - 4*i - 4. Let w be r(-4). Let y = w + t. What is the highest common divisor of 9 and y?
9
Suppose 0 = 2*c - 4*r + 668, -2*r + 889 = -4*c - 423. Let a = c + -3440. Let l be a/(-18) - 4/18. Calculate the greatest common factor of l and 19.
19
Let f = -25 + 70. What is the greatest common factor of f and 27?
9
Let b = -8 + 38. Calculate the highest common factor of 30 and b.
30
Let u(x) = 10*x + 1. Let p be u(3). Let j = 4 + 213. Calculate the greatest common factor of p and j.
31
Suppose -31 = -4*o - 3*z, 4*o - 29 + 8 = -z. Let n be (-87)/(-12) + (-1)/o. Let s be 2/(-7) + 79/n. Calculate the greatest common divisor of s and 121.
11
Let u(p) = p**3 + 5*p**2 - p - 1. Let w be u(-5). Let s(x) = 29*x**2 - 1. Let l be s(1). What is the greatest common divisor of l and w?
4
Let n = -194 + 356. Suppose s + 0 - 2 = 0. Let k = s + 16. Calculate the greatest common factor of n and k.
18
Suppose 12 + 20 = 2*s. Let f be 4 + (3*-1 - -1). Let n be 4/(-2*f/(-8)). What is the highest common divisor of n and s?
8
Suppose 0*t + 12 = 4*t. Let j(n) = -n**3 + 7*n**2 + 8*n + 1. Let y be j(8). What is the highest common factor of t and y?
1
Let x = -94 + 164. What is the highest common divisor of x and 14?
14
Let y(d) = 31*d**2 - d + 1. Let t be y(-1). Calculate the greatest common factor of 3 and t.
3
Let j = -68 + 206. Suppose 0 = 5*l + w - j, -2*l + 62 + 4 = -5*w. Calculate the greatest common factor of 4 and l.
4
Suppose 3*g = -7 + 337. Let j = 8 - -3. Calculate the highest common factor of j and g.
11
Let i be 3*(0 - (-4)/(-3)). Let u(y) = 3*y**2 - 3*y - 5. Let t be u(i). What is the highest common divisor of t and 11?
11
Let k(m) = -2*m - 3. Let x be k(3). Let a = 11 + x. Calculate the greatest common factor of 6 and a.
2
Let j(x) = 5*x**2 + 15*x + 61. Let r be j(-5). What is the greatest common factor of r and 37?
37
Suppose -3*t + 0*t + 27 = 0. Suppose 3*d = -5*c + t, -4*d = -6*c + c - 47. Calculate the highest common factor of d and 40.
8
Let c be -2 - -27*(4 - 2). Suppose 2*o + 2*o - c = 0. Calculate the highest common divisor of 13 and o.
13
Let a(w) = -w**2 - w - 8. Let q be a(0). Let i = q + 19. What is the highest common divisor of i and 121?
11
Suppose -2*g - 53 = -17. Let l be 70/12 - 3/g. Suppose 0 = l*c - 4*c - 36. What is the greatest common factor of c and 2?
2
Let c(f) = f**3 + f**2 - f + 28. Let q be c(0). Let t be 12/8*(2 + q). What is the greatest common factor of 18 and t?
9
Let l(a) = -2*a + 1. Let i = -18 - -12. Let t be l(i). Calculate the highest common factor of t and 13.
13
Let b be (3/(-4))/((-3)/36). What is the highest common factor of 27 and b?
9
Let o(w) be the third derivative of -w**4/12 + 2*w**3/3 + w**2. Let j be o(-3). Suppose 20 = -2*n + 4*n. What is the greatest common factor of j and n?
10
Let x be 2*38*(-4)/(-16). Calculate the greatest common divisor of 19 and x.
19
Let o(a) = a**3 + 7*a**2 + 5*a + 6. Let g be o(-6). Let t be (153/g)/(3/(-12)). Let s be t*(2 + (-8)/3). Calculate the highest common divisor of s and 85.
17
Let j(n) = -n - 6. Let q be j(6). Let d = 9 - q. Calculate the greatest common divisor of d and 14.
7
Suppose -4*q = -2*h - 30, -4*h = -q - 0 + 4. Calculate the greatest common factor of q and 1.
1
Let w(f) = f**3 + 8*f**2 + 8. Let k be w(-8). Suppose -2*n - k = -26. Suppose -l + n = -0. Calculate the highest common factor of 45 and l.
9
Suppose 4 = -0*j - 2*j. Let t(z) = -9*z**3 - z**2 - 2*z - 2. Let i be t(j). Calculate the highest common divisor of 14 and i.
14
Let v(o) = -2*o**3 + 2*o**2 + 6*o + 3. Let k be v(-2). Calculate the highest common divisor of k and 240.
15
Suppose -3*k - 2 - 2 = r, 4 = -k. What is the greatest common factor of 2 and r?
2
Let v = 3 + 0. Let h be 68/6 + 2/v. Calculate the greatest common factor of h and 108.
12
Let v = 25 + -1. Let s = -1 - -1. Let k = 16 - s. What is the highest common divisor of k and v?
8
Suppose 4*k = 2*m + 3*k - 51, -m = 2*k - 23. Suppose 4*h + 0*b - 20 = 4*b, -2*b = -3*h + 15. Calculate the greatest common factor of h and m.
5
Let t = -11 + 8. Let m be 3/t*-1*20. Calculate the highest common divisor of 50 and m.
10
Suppose 5*b + 0*b - 14 = -3*o, 5*o - 13 = 2*b. Let a be (-2)/(-5) - (-114)/(-10). Let c = 23 + a. Calculate the greatest common factor of c and o.
3
Suppose c + 20 = 5*c. Calculate the highest common factor of c and 45.
5
Let r = -13 - -31. Calculate the greatest common divisor of r and 6.
6
Let h = -19 + 28. Suppose -2*v + 17 = -h. What is the highest common divisor of v and 117?
13
Suppose 0 = 2*v + v + 9. Let f be (v/(-9))/(2/18). Let t be (-60)/(-8)*16/f. Calculate the highest common factor of 16 and t.
8
Let z = 133 - -17. What is the highest common factor of z and 10?
10
Let z be (-54)/(-7) + (-10)/(-35). Let f = z - 6. What is the greatest common divisor of 2 and f?
2
Suppose -2*w - 1 + 7 = 0. Suppose 4*r = -3*z + 31, -11 = w*z - r - 67. Calculate the greatest common divisor of 187 and z.
17
Let k(g) = 21*g**3 - 2*g**2 + g + 1. Let z be k(1). What is the greatest common divisor of 231 and z?
21
Suppose b + 3*j - 5 = 0, 0 = -2*b + 6*b - 4*j + 28. Let n be ((-2)/b)/(5/70). What is the highest common divisor of n and 28?
7
Let u(o) = o**3 + 6*o**2 - 3*o - 6. Let a = -3 - -3. Suppose -2 = 2*t, a*q + 2*t = -2*q - 14. Let v be u(q). Calculate the greatest common divisor of 12 and v.
12
Suppose 1 = 4*h - 11. What is the highest common factor of 1 and h?
1
Let z = 16 - 11. Let o = 6 - z. Calculate the highest common divisor of o and 7.
1
Let d = -49 - -69. Let g(k) = -3*k + 1. Let q be g(-1). Suppose -4 = -q*u + d. Calculate the highest common divisor of u and 66.
6
Let r = -31 + 39. Let o(n) = -n**2 + 6*n - 6. Let i be o(4). Suppose -4*v = x - 72, -i*x + 96 = -0*v - 4*v. What is the highest common divisor of r and x?
8
Let w = 1 - -3. Let n = 10 - w. Let v be ((-72)/6)/(n/(-4)). Calculate the greatest common factor of 1 and v.
1
Suppose 0*j = -3*j + 75. What is the highest common factor of j and 175?
25
Let x = -16 - -18. Calculate the greatest common divisor of 22 and x.
2
Let d = -6 + 14. Suppose -2*u + 3*u - 4 = 0. Let a be u/8*(5 + -1). Calculate the highest common divisor of d and a.
2
Suppose -4*h + i = -0*i - 2, -3*h + i = -1. Let w = h + 7. Let s = -109 - -181. Calculate the greatest common divisor of s and w.
8
Let j(z) = -6*z + 4. Let n be j(-3). What is the highest common divisor of n and 176?
22
Suppose 4*z = -4*d + 48, 4*z + 96 = 2*d + 3*d. Let v(c) = c**2 + 8*c + 4. Let p be v(-5). Let q = d + p. Calculate the highest common divisor of q and 5.
5
Let v be (-2)/(-4) + 21/2. Calculate the greatest common divisor of v and 66.
11
Let v(x) = 16*x - 1. Let y be v(1). Calculate the highest common factor of y and 120.
15
Let u be 1 - 4 - 120/(-10). Calculate the greatest common factor of u and 45.
9
Suppose z = 6*z - 25. What is the greatest common factor of 10 and z?
5
Suppose -11*s + 72 + 38 = 0. Calculate the highest common divisor of 50 and s.
10
Let l be 48/(-1 + 9/6). Let r = 1 - -1. Suppose -18 = -2*g + g - 3*d, g = 5*d + r. What is the greatest common factor of l and g?
12
Suppose 2*m = 0, 2*n - 3*n = -m + 157. Let p = -110 - n. Let a be (-15)/(-10) - p/(-2). Calculate the greatest common divisor of 10 and a.
5
Let a be (-12)/8 + (-101)/(-2). What is the highest common divisor of a and 7?
7
Suppose 0 = 12*k - 111 - 129. Suppose -5*q = -25, -3*g + 0*q + 135 = 3*q. What is the highest common divisor of g and k?
20
Suppose -5*s + 22 + 108 = 0. Let q = s - 5. Calculate the greatest common factor of q and 14.
7
Let n(z) = 9*z**2 - 3*z - 5. Let j be n(-4). Suppose -5*u + j = 1. Calculate the highest common factor of 20 and u.
10
Let n be (-9)/27 + (-217)/(-3). Suppose -2*z + n = z. What is the greatest common factor of 6 and z?
6
Suppose 336 + 491 = 5*q + 2*r, -5*q + 2*r = -823. What is the highest common factor of 15 and q?
15
Let v(u) = -78*u**2 + u - 2. Let m(o) = -39*o**2 - 1. Let d(i) = -5*m(i) + 2*v(i). Let p be d(-1). What is the greatest common factor of 19 and p?
19
Suppose -2*x + 6*x = 0. Suppose 2*i - p = -1 + 3, x = 3*i + 4*p - 3. What is the greatest common factor of i and 1?
1
Suppose -7*a - 4*z - 10 = -6*a, 5*a - z - 34 = 0. Suppose -3*g + 20 = -7. Suppose -g*l = -13*l + 120